factor of 1427?
False
Is 15 a factor of 375?
True
Is 2730 a multiple of 21?
True
Does 5 divide 544?
False
Does 27 divide 90396?
True
Is 6751 a multiple of 38?
False
Is 23 a factor of 1104?
True
Is 101 a multiple of 3?
False
Is 5524 a multiple of 6?
False
Does 125 divide 100899?
False
Does 249 divide 124500?
True
Is 26 a multiple of 20?
False
Does 20 divide 52?
False
Is 24 a factor of 1858?
False
Is 12772 a multiple of 62?
True
Does 37 divide 14896?
False
Is 273 a multiple of 39?
True
Does 9 divide 770?
False
Does 46 divide 24515?
False
Is 2944 a multiple of 64?
True
Does 184 divide 1781?
False
Is 66 a factor of 8514?
True
Is 1196 a multiple of 4?
True
Does 7 divide 19460?
True
Is 11532 a multiple of 211?
False
Is 324 a multiple of 54?
True
Does 6 divide 3603?
False
Is 361 a multiple of 16?
False
Is 14 a factor of 6400?
False
Is 71 a factor of 4760?
False
Is 52 a factor of 6656?
True
Is 120 a factor of 5932?
False
Is 5 a factor of 80?
True
Is 10 a factor of 2300?
True
Does 153 divide 39321?
True
Does 9 divide 2595?
False
Is 29 a multiple of 3?
False
Is 11 a factor of 50977?
False
Does 73 divide 7957?
True
Is 42994 a multiple of 115?
False
Is 6110 a multiple of 94?
True
Does 18 divide 6138?
True
Is 5 a factor of 611?
False
Does 38 divide 1976?
True
Does 22 divide 22604?
False
Is 3863 a multiple of 41?
False
Does 102 divide 5610?
True
Is 7 a factor of 1162?
True
Is 74075 a multiple of 36?
False
Is 196 a multiple of 50?
False
Does 67 divide 536?
True
Is 16 a factor of 720?
True
Is 15 a factor of 327?
False
Is 16 a factor of 7120?
True
Is 288 a multiple of 9?
True
Is 115 a factor of 32775?
True
Is 10 a factor of 780?
True
Does 26 divide 26780?
True
Does 116 divide 53269?
False
Is 97 a factor of 5335?
True
Does 8 divide 1160?
True
Is 98 a multiple of 7?
True
Is 218 a multiple of 35?
False
Is 1848 a multiple of 11?
True
Does 74 divide 666?
True
Does 17 divide 15305?
False
Does 25 divide 5075?
True
Does 11 divide 1392?
False
Does 285 divide 31081?
False
Is 17 a factor of 1609?
False
Does 203 divide 87899?
True
Is 12 a factor of 1248?
True
Is 208 a multiple of 2?
True
Is 99 a factor of 12108?
False
Is 97 a factor of 35455?
False
Does 51 divide 2437?
False
Does 14 divide 84?
True
Is 253 a multiple of 23?
True
Is 14 a factor of 2626?
False
Is 145 a factor of 668?
False
Does 79 divide 477?
False
Is 829 a multiple of 28?
False
Is 13112 a multiple of 11?
True
Is 41 a factor of 903?
False
Is 13782 a multiple of 12?
False
Does 10 divide 830?
True
Is 12 a factor of 19698?
False
Is 46 a factor of 1128?
False
Does 43 divide 645?
True
Does 13 divide 649?
False
Is 204 a factor of 6120?
True
Does 6 divide 275?
False
Does 88 divide 154?
False
Is 113 a factor of 27818?
False
Is 39 a factor of 2223?
True
Is 8745 a multiple of 33?
True
Is 2120 a multiple of 53?
True
Does 11 divide 187?
True
Is 20 a multiple of 20?
True
Does 14 divide 70?
True
Is 10 a factor of 3170?
True
Is 85514 a multiple of 162?
False
Is 6 a factor of 726?
True
Is 2873 a multiple of 63?
False
Is 1896 a multiple of 21?
False
Is 3263 a multiple of 6?
False
Is 68 a factor of 10880?
True
Is 74 a factor of 63492?
True
Does 44 divide 7568?
True
Does 12 divide 129576?
True
Is 3464 a multiple of 64?
False
Is 14 a factor of 2828?
True
Is 2931 a multiple of 6?
False
Is 22078 a multiple of 19?
True
Is 1978 a multiple of 67?
False
Is 110 a factor of 17129?
False
Is 10 a factor of 1429?
False
Is 120 a multiple of 12?
True
Does 36 divide 2808?
True
Does 21 divide 1744?
False
Is 61 a factor of 5953?
False
Is 4322 a multiple of 12?
False
Is 3375 a multiple of 5?
True
Does 5 divide 60?
True
Is 1694 a multiple of 9?
False
Does 6 divide 6112?
False
Does 4 divide 1549?
False
Is 25 a factor of 7375?
True
Is 17 a factor of 26959?
False
Is 68 a factor of 59908?
True
Is 98 a factor of 63078?
False
Is 13 a factor of 1742?
True
Is 66 a factor of 3168?
True
Does 22 divide 94948?
False
Is 779 a multiple of 2?
False
Does 104 divide 5408?
True
Is 17 a factor of 99433?
True
Is 119 a factor of 4091?
False
Does 11 divide 3878?
False
Is 107 a factor of 3959?
True
Is 16038 a multiple of 54?
True
Does 17 divide 9054?
False
Is 6656 a multiple of 26?
True
Does 7 divide 7686?
True
Is 7226 a multiple of 11?
False
Is 219 a factor of 109728?
False
Is 3268 a multiple of 38?
True
Is 6592 a multiple of 45?
False
Is 2 a factor of 18684?
True
Is 4163 a multiple of 66?
False
Does 29 divide 17272?
False
Is 24 a factor of 9648?
True
Is 66 a factor of 1726?
False
Is 25 a factor of 117?
False
Is 40923 a multiple of 12?
False
Does 53 divide 1007?
True
Is 151 a factor of 14273?
False
Is 6 a factor of 19099?
False
Is 32 a factor of 4608?
True
Is 2672 a multiple of 4?
True
Is 83 a factor of 110479?
False
Does 14 divide 5350?
False
Is 20 a factor of 3902?
False
Does 13 divide 5367?
False
Is 12397 a multiple of 180?
False
Does 15 divide 1501?
False
Does 29 divide 290?
True
Does 4 divide 40?
True
Is 6 a factor of 6?
True
Is 48 a factor of 15168?
True
Is 29298 a multiple of 45?
False
Does 11 divide 8293?
False
Does 11 divide 23331?
True
Does 12 divide 668?
False
Is 9235 a multiple of 8?
False
Is 13 a factor of 3016?
True
Does 14 divide 14?
True
Does 79 divide 401?
False
Does 77 divide 1309?
True
Is 3 a factor of 162?
True
Is 44736 a multiple of 96?
True
Is 68 a factor of 2345?
False
Is 388 a multiple of 12?
False
Is 4042 a multiple of 187?
False
Is 646 a multiple of 38?
True
Is 41297 a multiple of 12?
False
Does 14 divide 2632?
True
Is 15 a factor of 873?
False
Does 118 divide 2950?
True
Does 17 divide 3509?
False
Does 53 divide 954?
True
Is 30 a factor of 8070?
True
Is 259 a factor of 17965?
False
Is 3210 a multiple of 5?
True
Is 422 even?
True
Is 11 a factor of 1760?
True
Does 101 divide 6529?
False
Is 2760 a multiple of 40?
True
Is 15 a factor of 7440?
True
Is 171 a factor of 4788?
True
Is 77 a factor of 81389?
True
Is 6939 a multiple of 13?
False
Does 52 divide 122806?
False
Is 536 a multiple of 14?
False
Is 1421 a multiple of 49?
True
Is 520 even?
True
Is 336 a multiple of 8?
True
Is 7373 a multiple of 101?
True
Is 75 a multiple of 18?
False
Is 7713 a multiple of 15?
False
Is 23 a factor of 460?
True
Is 5 a factor of 5804?
False
Does 21 divide 504?
True
Is 88656 a multiple of 24?
True
Does 191 divide 16710?
False
Is 1188 a multiple of 27?
True
Is 1100 a multiple of 55?
True
Is 121 a factor of 19602?
True
Is 22382 a multiple of 31?
True
Does 35 divide 266?
False
Is 151 a multiple of 6?
False
Is 9 a factor of 45?
True
Is 3159 a multiple of 39?
True
Is 20 a factor of 157?
False
Does 17 divide 738?
False
Is 22 a factor of 682?
True
Does 11 divide 4796?
True
Is 15396 a multiple of 10?
False
Does 4 divide 61?
False
Is 35 a factor of 8982?
False
Does 52 divide 2939?
False
Is 2757 a multiple of 3?
True
Is 25 a factor of 1050?
True
Does 52 divide 1495?
False
Does 23 divide 9200?
True
Is 48 a factor of 98138?
False
Is 8329 a multiple of 3?
False
Does 24 divide 3685?
False
Is 2184 a multiple of 14?
True
Is 224 a multiple of 8?
True
Is 5 a factor of 74?
False
Is 52 a multiple of 52?
True
Is 272 a multiple of 23?
False
Is 564 a multiple of 12?
True
Does 75 divide 900?
True
Does 88 divide 5045?
False
Does 28 divide 98116?
False
Does 7 divide 433?
False
Does 15 divide 48895?
False
Is 27522 a multiple of 139?
True
Does 13 divide 25675?
True
Is 1422 a multiple of 7?
False
Is 113 a factor of 36890?
False
Is 34760 a multiple of 5?
True
Is 748 a multiple of 12?
False
Is 400 a multiple of 50?
True
Is 723 a multiple of 53?
False
Does 117 divide 5382?
True
Does 159 divide 10545?
False
Is 2178 a multiple of 19?
False
Is 22 a factor of 1293?
False
Is 7 a factor of 5132?
False
Is 5174 a multiple of 5?
False
Is 12 a factor of 1752?
True
Is 4080 a multiple of 40?
True
Is 59640 a multiple of 142?
True
Is 13920 a multiple of 5?
True
Is 3134 a multiple of 18?
False
Is 40 a factor of 640?
True
Is 13312 a multiple of 104?
True
Is 123 a factor of 36893?
False
Is 19 a factor of 1843?
True
Does 5 divide 12015?
True
Is 13606 a multiple of 42?
False
Is 4041 a multiple of 15?
False
Does 12 divide 55440?
True
Is 3279 even?
False
Is 1540 a multiple of 55?
True
Is 249 a factor of 14715?
False
Is 5 a factor of 2863?
False
Is 1098 a multiple of 65?
False
Is 1170 a multiple of 13?
True
Is 208